{"id":1806,"date":"2024-07-25T20:26:05","date_gmt":"2024-07-25T20:26:05","guid":{"rendered":"https:\/\/www.marzenakolarz.com\/Blog\/?page_id=1806"},"modified":"2024-07-26T21:20:59","modified_gmt":"2024-07-26T21:20:59","slug":"publikacje2","status":"publish","type":"page","link":"https:\/\/www.marzenakolarz.com\/Blog\/publikacje2\/","title":{"rendered":"publikacje"},"content":{"rendered":"\n<div style=\"height:100px\" aria-hidden=\"true\" class=\"wp-block-spacer\"><\/div>\n\n\n\n<div class=\"wp-block-columns is-layout-flex wp-container-core-columns-is-layout-1 wp-block-columns-is-layout-flex\">\n<div class=\"wp-block-column is-layout-flow wp-block-column-is-layout-flow\">\n<div class=\"_df_thumb \" id=\"df_1778\"  _slug=\"hutomanipulacje-katalog\" data-title=\"hutomanipulacje-katalog\" wpoptions=\"true\" thumb=\"https:\/\/www.marzenakolarz.com\/Blog\/wp-content\/uploads\/2024\/07\/hutomanipulacjakatalogbezspadC3B3w_Strona_01.jpg\" thumbtype=\"\" >Hutomanipulacje \/ katalog<\/div><script class=\"df-shortcode-script\" type=\"application\/javascript\">window.option_df_1778 = {\"outline\":[],\"autoEnableOutline\":\"false\",\"autoEnableThumbnail\":\"false\",\"overwritePDFOutline\":\"false\",\"direction\":\"1\",\"pageSize\":\"0\",\"source\":\"https:\\\/\\\/www.marzenakolarz.com\\\/Blog\\\/wp-content\\\/uploads\\\/2024\\\/07\\\/hutomanipulacjakatalogbezspadC3B3w.pdf\",\"wpOptions\":\"true\"}; if(window.DFLIP && window.DFLIP.parseBooks){window.DFLIP.parseBooks();}<\/script>\n\n\n\n<div style=\"height:30px\" aria-hidden=\"true\" class=\"wp-block-spacer\"><\/div>\n\n\n\n<p>Katalog&nbsp;wystawy <\/p>\n\n\n\n<p><strong>Hutomanipulacje&nbsp;<\/strong><\/p>\n\n\n\n<p>zrealizowanej w ramach Stypendium Ministra Kultury i Dziedzictwa Narodowego<\/p>\n\n\n\n<p>rok 2021<\/p>\n<\/div>\n\n\n\n<div class=\"wp-block-column is-layout-flow wp-block-column-is-layout-flow\">\n<div class=\"_df_thumb \" id=\"df_1792\"  _slug=\"obsesyjnie-zapamietuje-piekno-tej-krainy\" data-title=\"obsesyjnie-zapamietuje-piekno-tej-krainy\" wpoptions=\"true\" thumb=\"https:\/\/www.marzenakolarz.com\/Blog\/wp-content\/uploads\/2024\/07\/ozptkrozkl_Strona_001.jpg\" thumbtype=\"\" >obsesyjnie zapami\u0119tuj\u0119 pi\u0119kno tej krainy<\/div><script class=\"df-shortcode-script\" type=\"application\/javascript\">window.option_df_1792 = {\"outline\":[],\"autoEnableOutline\":\"false\",\"autoEnableThumbnail\":\"false\",\"overwritePDFOutline\":\"false\",\"direction\":\"1\",\"pageSize\":\"0\",\"source\":\"https:\\\/\\\/www.marzenakolarz.com\\\/Blog\\\/wp-content\\\/uploads\\\/2024\\\/07\\\/ozptk-stronymniejszy.pdf\",\"wpOptions\":\"true\"}; if(window.DFLIP && window.DFLIP.parseBooks){window.DFLIP.parseBooks();}<\/script>\n\n\n\n<div style=\"height:30px\" aria-hidden=\"true\" class=\"wp-block-spacer\"><\/div>\n\n\n\n<p>photobook<\/p>\n\n\n\n<p><strong>obsesyjnie zapami\u0119tuj\u0119 pi\u0119kno tej krainy<\/strong><\/p>\n\n\n\n<p>rok 2023<\/p>\n<\/div>\n\n\n\n<div class=\"wp-block-column is-layout-flow wp-block-column-is-layout-flow\">\n<div class=\"_df_thumb \" id=\"df_1817\"  _slug=\"stan-zapalny-sine\" data-title=\"stan-zapalny-sine\" wpoptions=\"true\" thumb=\"https:\/\/www.marzenakolarz.com\/Blog\/wp-content\/uploads\/2024\/07\/01sz.jpg\" thumbtype=\"\" >stan zapalny \/ sine<\/div><script class=\"df-shortcode-script\" type=\"application\/javascript\">window.option_df_1817 = {\"outline\":[],\"autoEnableOutline\":\"false\",\"autoEnableThumbnail\":\"false\",\"overwritePDFOutline\":\"false\",\"direction\":\"1\",\"pageSize\":\"0\",\"source\":\"https:\\\/\\\/www.marzenakolarz.com\\\/Blog\\\/wp-content\\\/uploads\\\/2024\\\/07\\\/s_z_zin.pdf\",\"wpOptions\":\"true\"}; if(window.DFLIP && window.DFLIP.parseBooks){window.DFLIP.parseBooks();}<\/script>\n\n\n\n<div style=\"height:30px\" aria-hidden=\"true\" class=\"wp-block-spacer\"><\/div>\n\n\n\n<p>zine<\/p>\n\n\n\n<p><strong>stan zapalny<\/strong><\/p>\n\n\n\n<p>rok 2024<\/p>\n<\/div>\n<\/div>\n\n\n\n<div style=\"height:100px\" aria-hidden=\"true\" class=\"wp-block-spacer\"><\/div>\n\n\n\n<div class=\"wp-block-columns is-layout-flex wp-container-core-columns-is-layout-2 wp-block-columns-is-layout-flex\">\n<div class=\"wp-block-column is-layout-flow wp-block-column-is-layout-flow\">\n<div class=\"_df_thumb \" id=\"df_1830\"  _slug=\"pozostalosci\" data-title=\"pozostalosci\" wpoptions=\"true\" thumb=\"https:\/\/www.marzenakolarz.com\/Blog\/wp-content\/uploads\/2024\/07\/Zrzut-ekranu-2024-07-25-o-22.59.31.png\" thumbtype=\"\" >pozosta\u0142o\u015bci<\/div><script class=\"df-shortcode-script\" type=\"application\/javascript\">window.option_df_1830 = {\"outline\":[],\"autoEnableOutline\":\"false\",\"autoEnableThumbnail\":\"false\",\"overwritePDFOutline\":\"false\",\"direction\":\"1\",\"pageSize\":\"0\",\"source\":\"https:\\\/\\\/www.marzenakolarz.com\\\/Blog\\\/wp-content\\\/uploads\\\/2024\\\/07\\\/5e60da96aab99a3bea058a7c9a522d14.pdf\",\"wpOptions\":\"true\"}; if(window.DFLIP && window.DFLIP.parseBooks){window.DFLIP.parseBooks();}<\/script>\n\n\n\n<div style=\"height:30px\" aria-hidden=\"true\" class=\"wp-block-spacer\"><\/div>\n\n\n\n<p>photobook<\/p>\n\n\n\n<p><strong>pozosta\u0142o\u015bci<\/strong><\/p>\n\n\n\n<p>Ksi\u0105\u017cka wchodzi\u0142a w sk\u0142ad photobook\u00f3w O wyczekiwaniu. Projekt wszystkich ksi\u0105\u017cek: Katarzyna Wojdy\u0142a, autorzy photobook\u00f3w: Beata D\u0142ugosz, Marzena Kolarz, Micha\u0142 \u0141uczak, Jakub Pierzcha\u0142a, autorzy tekst\u00f3w: Krzysztof Siatka, Bart\u0142omiej Dobroczy\u0144ski.<\/p>\n\n\n\n<p>rok 2022<\/p>\n<\/div>\n\n\n\n<div class=\"wp-block-column is-layout-flow wp-block-column-is-layout-flow\"><\/div>\n\n\n\n<div class=\"wp-block-column is-layout-flow wp-block-column-is-layout-flow\"><\/div>\n<\/div>\n","protected":false},"excerpt":{"rendered":"<p>Katalog&nbsp;wystawy Hutomanipulacje&nbsp; zrealizowanej w ramach Stypendium Ministra Kultury i Dziedzictwa Narodowego rok 2021 photobook obsesyjnie zapami\u0119tuj\u0119 pi\u0119kno tej krainy rok 2023 zine stan zapalny rok 2024 photobook pozosta\u0142o\u015bci Ksi\u0105\u017cka wchodzi\u0142a w sk\u0142ad photobook\u00f3w O wyczekiwaniu. Projekt wszystkich ksi\u0105\u017cek: Katarzyna Wojdy\u0142a, autorzy photobook\u00f3w: Beata D\u0142ugosz, Marzena Kolarz, Micha\u0142 \u0141uczak, Jakub Pierzcha\u0142a, autorzy tekst\u00f3w: Krzysztof Siatka, Bart\u0142omiej [&hellip;]<\/p>\n","protected":false},"author":1,"featured_media":0,"parent":0,"menu_order":0,"comment_status":"closed","ping_status":"closed","template":"","meta":{"footnotes":""},"class_list":["post-1806","page","type-page","status-publish","hentry"],"_links":{"self":[{"href":"https:\/\/www.marzenakolarz.com\/Blog\/wp-json\/wp\/v2\/pages\/1806"}],"collection":[{"href":"https:\/\/www.marzenakolarz.com\/Blog\/wp-json\/wp\/v2\/pages"}],"about":[{"href":"https:\/\/www.marzenakolarz.com\/Blog\/wp-json\/wp\/v2\/types\/page"}],"author":[{"embeddable":true,"href":"https:\/\/www.marzenakolarz.com\/Blog\/wp-json\/wp\/v2\/users\/1"}],"replies":[{"embeddable":true,"href":"https:\/\/www.marzenakolarz.com\/Blog\/wp-json\/wp\/v2\/comments?post=1806"}],"version-history":[{"count":14,"href":"https:\/\/www.marzenakolarz.com\/Blog\/wp-json\/wp\/v2\/pages\/1806\/revisions"}],"predecessor-version":[{"id":1891,"href":"https:\/\/www.marzenakolarz.com\/Blog\/wp-json\/wp\/v2\/pages\/1806\/revisions\/1891"}],"wp:attachment":[{"href":"https:\/\/www.marzenakolarz.com\/Blog\/wp-json\/wp\/v2\/media?parent=1806"}],"curies":[{"name":"wp","href":"https:\/\/api.w.org\/{rel}","templated":true}]}}